et j be (-1)/(-1*(-1)/(-2)). Suppose -2*m = -5*n + 2*n + 312, 208 = j*n - 4*m. Let b = n + -69. Is b prime?
False
Let u(c) = c - 5. Let b be u(0). Is (-1)/b + 645/25 a prime number?
False
Let w(d) = -d**2 - 6*d + 5. Let n be w(-5). Let r = n + -5. Suppose -20 - 12 = -u + 5*b, -4*u - r*b = -153. Is u prime?
True
Let u be (-1)/(-2)*(-1 + 1). Let r = 19 - u. Is r a composite number?
False
Is 19/57 + 4196/3 composite?
False
Is (-48)/80 + 5/(25/4508) composite?
True
Let p(w) = 2*w**2 - 6*w. Let a(l) = l**2 - l. Let i(h) = a(h) - p(h). Let d be i(4). Suppose -d*v + 57 = -v. Is v a composite number?
False
Suppose 3*c = 4*b + 478, -7*b + 3*b = c - 138. Let w = -71 + c. Is w prime?
True
Suppose 2 = -2*a, 3*h - 11 = 2*a + 3*a. Suppose -h*m + 190 = -0*m. Is m a prime number?
False
Suppose -5*r - 3*f + 4*f + 2213 = 0, -1327 = -3*r + f. Is r composite?
False
Suppose 4*i = 2*i + 6. Suppose 4*r - 16 = 3*v, -2*v - 16 = -i*r - 3. Is r a composite number?
False
Let o be 23 + ((-12)/3 - -1). Is (-8)/o + (-1634)/(-10) prime?
True
Let b(m) = 73*m - 3. Let a be b(2). Let x = a + -84. Is x a composite number?
False
Let o(k) = -16*k**3 - 3*k**2 + 4*k - 14. Is o(-7) composite?
True
Let h(l) = -1055*l - 71. Is h(-6) a prime number?
False
Let i(y) = -y**3 + 16*y**2 - 18*y - 14. Is i(13) a prime number?
False
Let l(g) = -2*g**3 - 4*g**2 + 3*g + 4. Is l(-5) composite?
False
Suppose m + 4*m + 40 = 0. Is (21/6)/((-4)/m) a composite number?
False
Suppose -3*x = -4*f - 42, 4*x - 4*f = -2*f + 46. Let v = 81 - x. Is v composite?
False
Suppose 868 = 4*m - 4880. Is m a prime number?
False
Suppose -3*h = -h. Suppose -6*f + 10*f - 1940 = h. Is f a prime number?
False
Let t be ((-4)/12)/(1/3). Suppose 20 = -4*c + 2*m, 2*m - 4*m + 4 = 0. Is (126 - t)*(-4)/c a prime number?
True
Let x(t) = t**3 - 8*t**2 - 16*t + 15. Is x(10) a composite number?
True
Let t = 33 - 75. Let i = t + 181. Is i composite?
False
Let f(r) = 5*r + 6. Is f(9) a composite number?
True
Let k be 6/8 + (-323)/68. Suppose 3*d - 190 = -5*c - 0*c, -3*c + 3*d = -138. Let j = k + c. Is j a composite number?
False
Is (-8)/(-48) + 1234/12 prime?
True
Suppose -6*w = -2*w + 140. Let n = -86 + 144. Let m = n + w. Is m prime?
True
Suppose -2*j - 9 = 5*f, 2*j = -3*j + 3*f + 24. Suppose d = -0*d + j. Suppose -d*g + 85 = -14. Is g prime?
False
Is ((-11)/(-1))/((-2)/(-4)) a prime number?
False
Is 7/(28/376) - 0 composite?
True
Let o = 195 - -254. Is o a prime number?
True
Let g(u) = -u**3 - 8*u**2 - 27*u - 9. Is g(-13) composite?
False
Let n(q) = q - 1. Let p be n(1). Suppose -3*d + 234 = -0*l - l, -4*d + 2*l + 314 = p. Is d composite?
True
Suppose -411 - 1473 = -4*h. Is h composite?
True
Let c(h) = -h - 1. Let n be c(-5). Suppose -n*l - 20 = l. Let s(t) = -t**3 - 5*t**2 - 5*t - 1. Is s(l) prime?
True
Let l(s) = 22*s**2 - 13*s + 1. Is l(-6) a composite number?
True
Suppose 4*d - 123 = -0*g + g, -d = -3*g - 380. Let u(a) = -8*a**3 + a**2 - a - 4. Let b be u(-3). Let i = g + b. Is i prime?
True
Suppose -2*u = 807 - 3001. Is u a composite number?
False
Let b = 29 + 4. Is b a prime number?
False
Let n(z) = -z**2 + 9*z - 9. Let j be n(7). Suppose 0 = 3*o + 4*p - 261, -2*o - j*p + 167 = -0*o. Is o composite?
True
Suppose -2*x = -p - 4*p - 621, 0 = -x - 3*p + 338. Is x prime?
False
Let g(l) = -l**3 - 3*l**2 + 4*l + 4. Let q be g(-4). Suppose 2*o - 217 = -o + 4*k, -326 = -q*o - 2*k. Is o prime?
True
Suppose -4*l - l = -10. Suppose 3*a = 3*y - 18, y = -3*y + l*a + 24. Is y a prime number?
False
Suppose -38*t + 49*t = 24607. Is t a prime number?
True
Suppose 26 = 5*z - 29. Let c be ((-24)/(-10))/((-2)/(-25)). Let u = c - z. Is u prime?
True
Is 22/33 + (8624/6 - -1) a prime number?
True
Let w be (12/14)/(3/42). Is 253/5 - w/(-30) prime?
False
Let q be (-6 - -5)*(-2 + -1). Let b(k) = 9*k**3 - 11*k**3 + 18*k**q - 2*k + 1. Is b(1) composite?
True
Let h = 510 + -1310. Let t = 1155 + h. Is t a composite number?
True
Let v be (2 + (2 - 9))/(-1). Suppose -5*n - 2*m = -783, v*n - m - 771 = -0*m. Is n a prime number?
False
Let n(t) = 204*t**2 + 2*t + 1. Is n(2) composite?
False
Let b be ((-8)/(-6))/(6/27). Is b/(-21) + (-4274)/(-14) a prime number?
False
Let q = 51 + -22. Is q + 0 + 2 + 0 a prime number?
True
Suppose 2*g + 0*g - 20 = 0. Suppose -i + 4 = g. Is 470/6 - 4/i a prime number?
True
Suppose -4*j = -7*j. Suppose 161 = 3*h - 0*d + 4*d, 4*h + 4*d - 216 = j. Is h prime?
False
Let j = -74 + 107. Suppose -5*i + 108 - j = 0. Is i a composite number?
True
Suppose 0 = -0*o - 2*o. Suppose 3*p + p - 220 = o. Suppose p = 4*z - 85. Is z a composite number?
True
Let j be 1*(-6)/(-3) - -49. Is (-1)/((1/j)/(-1)) composite?
True
Let l = 549 + 1234. Is l composite?
False
Let g(d) = -3 + 0 + 0 - 1 + 2*d. Is g(9) composite?
True
Suppose -11 - 45 = 4*g. Let f = g - -49. Suppose -f = 3*k - 458. Is k prime?
False
Let l = 32 + 59. Is l prime?
False
Let r(j) = 87*j**2 - 5*j + 7. Is r(4) composite?
True
Let c(k) = 28*k**3 + 4*k**2 - 3*k + 4. Is c(3) prime?
True
Let c(d) = 5*d**3 - 2*d**2 + 2*d + 4. Let w(a) = a**3 + a**2 + 1. Let i(k) = -c(k) + 4*w(k). Let p be i(3). Is 270/14 + (-6)/p a prime number?
True
Suppose -4*n + 58 = -3*n. Suppose -3*p = -p - 10. Suppose -n - 7 = -p*g. Is g a prime number?
True
Let o(v) = -527*v - 2. Let p be o(-2). Suppose y = 5*h - p, h + 4*y = 4*h - 621. Is h prime?
True
Let s be 3 + 3/((-3)/2). Is ((-91 - -2)*-1)/s prime?
True
Let i(l) = -12*l + 19. Is i(-9) prime?
True
Let j = 23 + -51. Is 2/7 - 4556/j a composite number?
False
Let t be (104/(-5))/((-3)/15). Suppose -t = -0*f - 2*f. Is 4/(-26) + 7548/f a composite number?
True
Suppose -3*a - 16 = -2*r, 3*a - 3*r + 14 = a. Let u = -14 + 25. Let o = u - a. Is o a composite number?
True
Suppose 5*u - 2669 + 1014 = 0. Is u a composite number?
False
Is 583 - 3/6*4 a prime number?
False
Let x(a) = -a**3 - a**2 - 2*a + 3203. Is x(0) composite?
False
Suppose -3*y = -y + 370. Let l(i) = -3*i**2 - i + 4. Let d be l(-5). Let h = d - y. Is h composite?
True
Let a = -149 - -262. Is a a prime number?
True
Suppose -10*n + f = -11*n + 5174, 0 = -f + 3. Is n prime?
True
Suppose 5*g = a - 1351, 3*a = 2*g + 5903 - 1824. Is a a composite number?
False
Let a be (-6)/4 + 1405/10. Let w = a - -40. Is w composite?
False
Let h(d) be the second derivative of 47*d**5/20 - d**4/6 + 2*d**3/3 - 3*d**2/2 + 3*d. Is h(2) prime?
True
Suppose r + 7 = 3*l - 2, -5*l + 19 = -3*r. Suppose -5 = -x - 3. Is (l/(-6))/(x/(-354)) a prime number?
True
Is 9/(-18)*(-3347 - -1) a composite number?
True
Suppose 3*b = -2*y - 21, 30 = -3*b - b - 2*y. Let n be b/(-7) + 2/(-7). Suppose o - 8 = -n. Is o a composite number?
False
Let x(z) = -17*z**3 - 1. Let u be x(-1). Is 4004/u - (-6)/8 composite?
False
Let t(c) be the first derivative of c**3/3 + 2*c**2 + 10*c + 3. Is t(-7) composite?
False
Suppose -5*f = -4*m + 1498 + 7113, m - f = 2154. Is m a prime number?
False
Let y(f) = f**3 + 8*f**2 + 8*f - 5. Is y(-6) a prime number?
True
Let n be (1 + 0)*(0 + 89). Let c = n - 183. Let z = -17 - c. Is z a composite number?
True
Suppose b + r + 7 = -3*r, 0 = 5*b - 2*r - 31. Let n(w) = -w**2 + 7*w - 7. Is n(b) a composite number?
False
Suppose 6*j + 12 = 4*j. Let p = j + 9. Suppose -3*l = -3*u + 48, p*u - 52 - 2 = l. Is u a composite number?
False
Suppose s = 2*t - 833, -3*t + 5*s = -6*t + 1256. Is t prime?
False
Let o = -522 + 787. Is o prime?
False
Is 3*-1 + 41 + -1 a prime number?
True
Suppose -3*v + 0*v + 30 = 0. Let n = 6 - v. Is ((-2)/n)/(2/92) a composite number?
False
Let k = 494 + 43. Is k composite?
True
Let l be ((-2)/1)/(-10 + 8). Is l*(-9)/3 + 268 a prime number?
False
Suppose 3*k = 12, k = t - 2*t - 6. Let p(m) = -m**2 - 10*m + 2. Let r be p(t). Suppose 2*q = -5*u + 380, q - r*q + 301 = 4*u. Is u a composite number?
True
Let d(x) be the first derivative of 8*x**4/3 - x**3/2 - x**2/2 - x - 1. Let k(m) be the first derivative of d(m). Is k(-2) a prime number?
False
Let n(c) = -3*c**2 + 1. Let z be n(1). Let r(v) = -3*v - 2. Let l be r(z). Suppose -4*a + 12 - l = 0. Is a a prime number?
True
Let m be (-2)/(-4)*(-66)/(-11). Suppose -m*a + 1525 = 2*a. Is a composite?
True
Suppose -5*u = -w + 14, 5*w = -3*u - u - 17. Is (-3)/(9/u) + 466 a composite number?
False
Let u(p) = 8*p - 20. Let y(r) = -3*r + 7. Let c(a) = 6*u(a) + 17*y(a). Let 